{"id":819,"date":"2023-08-09T12:44:51","date_gmt":"2023-08-09T17:44:51","guid":{"rendered":"https:\/\/vipets.com.co\/?page_id=819"},"modified":"2025-06-19T16:56:29","modified_gmt":"2025-06-19T21:56:29","slug":"garantias-de-producto","status":"publish","type":"page","link":"https:\/\/vipets.com.co\/?page_id=819","title":{"rendered":"Garant\u00edas de producto"},"content":{"rendered":"<p>En VIPETS SAS trabajamos con materiales de alta calidad y procesos cuidadosamente seleccionados para ofrecer productos duraderos, funcionales y c\u00f3modos para tu mascota. Por eso, todos nuestros productos cuentan con garant\u00eda legal, conforme a la Ley 1480 de 2011.<\/p><p><strong> 1. COBERTURA DE LA GARANT\u00cdA<\/strong><\/p><p>La garant\u00eda aplica a todos los productos vendidos por VIPETS SAS que presenten fallas o defectos de fabricaci\u00f3n bajo condiciones normales de uso.<\/p><p>No cubre:<br>\u2022 Da\u00f1os causados por uso indebido, fuerza excesiva, cortes, mordidas, rayones, quemaduras o accidentes.<br>\u2022 Desgaste natural por el uso normal del producto.<br>\u2022 Alteraciones, reparaciones o manipulaciones por parte del cliente o terceros.<br>\u2022 Da\u00f1os por lavado inadecuado o uso de productos de limpieza no recomendados.<\/p><p><strong>2. TIEMPO DE GARANT\u00cdA<\/strong><br>Tipo de producto<br>Tiempo de garant\u00eda<br>Camas, cojines, igl\u00fas, mantas, colchonetas<br>30 d\u00edas<br>Impermeables, capas, accesorios textiles<br>30 d\u00edas calendario<br>Productos personalizados<br>30 d\u00edas (solo por defectos de fabricaci\u00f3n)<\/p><p>Estos tiempos se cuentan a partir de la fecha de entrega del producto.<br><\/p><p><strong>3. PROCEDIMIENTO PARA HACER EFECTIVA LA GARANT\u00cdA<\/strong><\/p><p>Para solicitar la garant\u00eda, debes:<br>1. Enviar un correo atenci\u00f3nalcliente@vipets.com.co con:<br>\u2022 N\u00famero de pedido o factura<br>\u2022 Nombre del cliente<br>\u2022 Descripci\u00f3n del defecto<br>\u2022 Fotos claras del producto y la falla<br>2. El equipo de servicio al cliente evaluar\u00e1 el caso y te responder\u00e1 en un plazo m\u00e1ximo de 5 d\u00edas h\u00e1biles.<br>3. Si se aprueba la garant\u00eda, se te indicar\u00e1 el proceso para la recogida del producto o su entrega en punto autorizado.<\/p><p><strong>4. SOLUCIONES POSIBLES<\/strong><\/p><p>Si el producto presenta un defecto cubierto por garant\u00eda, VIPETS podr\u00e1 ofrecer:<br>\u2022 Reparaci\u00f3n del producto sin costo.<br>\u2022 Cambio por uno nuevo (igual o de caracter\u00edsticas similares).<br>\u2022 Devoluci\u00f3n del dinero (solo si no es posible reparar o reponer el producto).<\/p><p><strong>5. EXCEPCIONES<\/strong><\/p><p>La garant\u00eda no aplica si el producto fue manipulado, modificado o lavado incorrectamente por el cliente, ni en casos de da\u00f1os provocados por la mascota.<\/p>","protected":false},"excerpt":{"rendered":"<p>En VIPETS SAS trabajamos con materiales de alta calidad y procesos cuidadosamente seleccionados para ofrecer productos duraderos, funcionales y c\u00f3modos para tu mascota. Por eso, todos nuestros productos cuentan con garant\u00eda legal, conforme a la Ley 1480 de 2011. 1. COBERTURA DE LA GARANT\u00cdA La garant\u00eda aplica a todos los productos vendidos por VIPETS SAS [&hellip;]<\/p>\n","protected":false},"author":1,"featured_media":0,"parent":0,"menu_order":0,"comment_status":"closed","ping_status":"closed","template":"legal.php","meta":{"inline_featured_image":false,"footnotes":""},"class_list":["post-819","page","type-page","status-publish","hentry"],"acf":[],"yoast_head":"<!-- This site is optimized with the Yoast SEO plugin v19.7.1 - https:\/\/yoast.com\/wordpress\/plugins\/seo\/ -->\n<title>Garant\u00edas de producto - VIPETS<\/title>\n<meta name=\"robots\" content=\"index, follow, max-snippet:-1, max-image-preview:large, max-video-preview:-1\" \/>\n<link rel=\"canonical\" href=\"https:\/\/vipets.com.co\/?page_id=819\" \/>\n<meta property=\"og:locale\" content=\"es_ES\" \/>\n<meta property=\"og:type\" content=\"article\" \/>\n<meta property=\"og:title\" content=\"Garant\u00edas de producto - VIPETS\" \/>\n<meta property=\"og:description\" content=\"En VIPETS SAS trabajamos con materiales de alta calidad y procesos cuidadosamente seleccionados para ofrecer productos duraderos, funcionales y c\u00f3modos para tu mascota. Por eso, todos nuestros productos cuentan con garant\u00eda legal, conforme a la Ley 1480 de 2011. 1. COBERTURA DE LA GARANT\u00cdA La garant\u00eda aplica a todos los productos vendidos por VIPETS SAS [&hellip;]\" \/>\n<meta property=\"og:url\" content=\"https:\/\/vipets.com.co\/?page_id=819\" \/>\n<meta property=\"og:site_name\" content=\"VIPETS\" \/>\n<meta property=\"article:modified_time\" content=\"2025-06-19T21:56:29+00:00\" \/>\n<meta name=\"twitter:card\" content=\"summary_large_image\" \/>\n<meta name=\"twitter:label1\" content=\"Tiempo estimado de lectura\" \/>\n\t<meta name=\"twitter:data1\" content=\"2 minutos\" \/>\n<script type=\"application\/ld+json\" class=\"yoast-schema-graph\">{\"@context\":\"https:\/\/schema.org\",\"@graph\":[{\"@type\":\"WebPage\",\"@id\":\"https:\/\/vipets.com.co\/?page_id=819\",\"url\":\"https:\/\/vipets.com.co\/?page_id=819\",\"name\":\"Garant\u00edas de producto - VIPETS\",\"isPartOf\":{\"@id\":\"https:\/\/vipets.com.co\/#website\"},\"datePublished\":\"2023-08-09T17:44:51+00:00\",\"dateModified\":\"2025-06-19T21:56:29+00:00\",\"breadcrumb\":{\"@id\":\"https:\/\/vipets.com.co\/?page_id=819#breadcrumb\"},\"inLanguage\":\"es-CO\",\"potentialAction\":[{\"@type\":\"ReadAction\",\"target\":[\"https:\/\/vipets.com.co\/?page_id=819\"]}]},{\"@type\":\"BreadcrumbList\",\"@id\":\"https:\/\/vipets.com.co\/?page_id=819#breadcrumb\",\"itemListElement\":[{\"@type\":\"ListItem\",\"position\":1,\"name\":\"Home\",\"item\":\"https:\/\/vipets.com.co\/\"},{\"@type\":\"ListItem\",\"position\":2,\"name\":\"Garant\u00edas de producto\"}]},{\"@type\":\"WebSite\",\"@id\":\"https:\/\/vipets.com.co\/#website\",\"url\":\"https:\/\/vipets.com.co\/\",\"name\":\"VIPETS\",\"description\":\"Mascotas\",\"potentialAction\":[{\"@type\":\"SearchAction\",\"target\":{\"@type\":\"EntryPoint\",\"urlTemplate\":\"https:\/\/vipets.com.co\/?s={search_term_string}\"},\"query-input\":\"required name=search_term_string\"}],\"inLanguage\":\"es-CO\"}]}<\/script>\n<!-- \/ Yoast SEO plugin. -->","yoast_head_json":{"title":"Garant\u00edas de producto - VIPETS","robots":{"index":"index","follow":"follow","max-snippet":"max-snippet:-1","max-image-preview":"max-image-preview:large","max-video-preview":"max-video-preview:-1"},"canonical":"https:\/\/vipets.com.co\/?page_id=819","og_locale":"es_ES","og_type":"article","og_title":"Garant\u00edas de producto - VIPETS","og_description":"En VIPETS SAS trabajamos con materiales de alta calidad y procesos cuidadosamente seleccionados para ofrecer productos duraderos, funcionales y c\u00f3modos para tu mascota. Por eso, todos nuestros productos cuentan con garant\u00eda legal, conforme a la Ley 1480 de 2011. 1. COBERTURA DE LA GARANT\u00cdA La garant\u00eda aplica a todos los productos vendidos por VIPETS SAS [&hellip;]","og_url":"https:\/\/vipets.com.co\/?page_id=819","og_site_name":"VIPETS","article_modified_time":"2025-06-19T21:56:29+00:00","twitter_card":"summary_large_image","twitter_misc":{"Tiempo estimado de lectura":"2 minutos"},"schema":{"@context":"https:\/\/schema.org","@graph":[{"@type":"WebPage","@id":"https:\/\/vipets.com.co\/?page_id=819","url":"https:\/\/vipets.com.co\/?page_id=819","name":"Garant\u00edas de producto - VIPETS","isPartOf":{"@id":"https:\/\/vipets.com.co\/#website"},"datePublished":"2023-08-09T17:44:51+00:00","dateModified":"2025-06-19T21:56:29+00:00","breadcrumb":{"@id":"https:\/\/vipets.com.co\/?page_id=819#breadcrumb"},"inLanguage":"es-CO","potentialAction":[{"@type":"ReadAction","target":["https:\/\/vipets.com.co\/?page_id=819"]}]},{"@type":"BreadcrumbList","@id":"https:\/\/vipets.com.co\/?page_id=819#breadcrumb","itemListElement":[{"@type":"ListItem","position":1,"name":"Home","item":"https:\/\/vipets.com.co\/"},{"@type":"ListItem","position":2,"name":"Garant\u00edas de producto"}]},{"@type":"WebSite","@id":"https:\/\/vipets.com.co\/#website","url":"https:\/\/vipets.com.co\/","name":"VIPETS","description":"Mascotas","potentialAction":[{"@type":"SearchAction","target":{"@type":"EntryPoint","urlTemplate":"https:\/\/vipets.com.co\/?s={search_term_string}"},"query-input":"required name=search_term_string"}],"inLanguage":"es-CO"}]}},"_links":{"self":[{"href":"https:\/\/vipets.com.co\/index.php?rest_route=\/wp\/v2\/pages\/819","targetHints":{"allow":["GET"]}}],"collection":[{"href":"https:\/\/vipets.com.co\/index.php?rest_route=\/wp\/v2\/pages"}],"about":[{"href":"https:\/\/vipets.com.co\/index.php?rest_route=\/wp\/v2\/types\/page"}],"author":[{"embeddable":true,"href":"https:\/\/vipets.com.co\/index.php?rest_route=\/wp\/v2\/users\/1"}],"replies":[{"embeddable":true,"href":"https:\/\/vipets.com.co\/index.php?rest_route=%2Fwp%2Fv2%2Fcomments&post=819"}],"version-history":[{"count":3,"href":"https:\/\/vipets.com.co\/index.php?rest_route=\/wp\/v2\/pages\/819\/revisions"}],"predecessor-version":[{"id":7783,"href":"https:\/\/vipets.com.co\/index.php?rest_route=\/wp\/v2\/pages\/819\/revisions\/7783"}],"wp:attachment":[{"href":"https:\/\/vipets.com.co\/index.php?rest_route=%2Fwp%2Fv2%2Fmedia&parent=819"}],"curies":[{"name":"wp","href":"https:\/\/api.w.org\/{rel}","templated":true}]}}