{"id":5726,"date":"2024-08-05T14:18:30","date_gmt":"2024-08-05T19:18:30","guid":{"rendered":"https:\/\/vipets.com.co\/?post_type=product&#038;p=5726"},"modified":"2025-10-08T12:50:16","modified_gmt":"2025-10-08T17:50:16","slug":"chaqueta","status":"publish","type":"product","link":"https:\/\/vipets.com.co\/?product=chaqueta","title":{"rendered":"Chaqueta"},"content":{"rendered":"","protected":false},"excerpt":{"rendered":"<p><em> Tu pet estar\u00e1 c\u00f3modo, abrigado y a la moda con esta chaqueta deportiva que podr\u00e1 lucir en cualquier momento de un d\u00eda fr\u00edo. Elige el color que m\u00e1s se ajuste a su personalidad y hazlo brillar. <\/em><\/p>\n","protected":false},"featured_media":8077,"comment_status":"open","ping_status":"closed","template":"","meta":{"inline_featured_image":false},"product_cat":[177,148,147,29,176,38],"product_tag":[],"class_list":{"0":"post-5726","1":"product","2":"type-product","3":"status-publish","4":"has-post-thumbnail","6":"product_cat-todos-los-productos","7":"product_cat-gato","8":"product_cat-perro","9":"product_cat-ropa","10":"product_cat-toda-la-ropa","11":"product_cat-chaquetas","12":"product_shipping_class-ropa","13":"pa_color-vino-tinto","14":"pa_color-azul-oscuro","15":"pa_color-azul-hortensia","16":"pa_color-azul-rey","17":"pa_color-rojo","18":"pa_color-negro","19":"pa_color-rosa","21":"first","22":"instock","23":"taxable","24":"shipping-taxable","25":"purchasable","26":"product-type-variable"},"acf":[],"yoast_head":"<!-- This site is optimized with the Yoast SEO plugin v19.7.1 - https:\/\/yoast.com\/wordpress\/plugins\/seo\/ -->\n<title>Chaqueta - VIPETS<\/title>\n<meta name=\"robots\" content=\"index, follow, max-snippet:-1, max-image-preview:large, max-video-preview:-1\" \/>\n<link rel=\"canonical\" href=\"https:\/\/vipets.com.co\/?product=chaqueta\" \/>\n<meta property=\"og:locale\" content=\"es_ES\" \/>\n<meta property=\"og:type\" content=\"article\" \/>\n<meta property=\"og:title\" content=\"Chaqueta - VIPETS\" \/>\n<meta property=\"og:description\" content=\"Tu pet estar\u00e1 c\u00f3modo, abrigado y a la moda con esta chaqueta deportiva que podr\u00e1 lucir en cualquier momento de un d\u00eda fr\u00edo. Elige el color que m\u00e1s se ajuste a su personalidad y hazlo brillar.\" \/>\n<meta property=\"og:url\" content=\"https:\/\/vipets.com.co\/?product=chaqueta\" \/>\n<meta property=\"og:site_name\" content=\"VIPETS\" \/>\n<meta property=\"article:modified_time\" content=\"2025-10-08T17:50:16+00:00\" \/>\n<meta property=\"og:image\" content=\"https:\/\/vipets.com.co\/wp-content\/uploads\/2024\/08\/Chaqueta.jpg\" \/>\n\t<meta property=\"og:image:width\" content=\"1024\" \/>\n\t<meta property=\"og:image:height\" content=\"1024\" \/>\n\t<meta property=\"og:image:type\" content=\"image\/jpeg\" \/>\n<meta name=\"twitter:card\" content=\"summary_large_image\" \/>\n<script type=\"application\/ld+json\" class=\"yoast-schema-graph\">{\"@context\":\"https:\/\/schema.org\",\"@graph\":[{\"@type\":\"WebPage\",\"@id\":\"https:\/\/vipets.com.co\/?product=chaqueta\",\"url\":\"https:\/\/vipets.com.co\/?product=chaqueta\",\"name\":\"Chaqueta - VIPETS\",\"isPartOf\":{\"@id\":\"https:\/\/vipets.com.co\/#website\"},\"datePublished\":\"2024-08-05T19:18:30+00:00\",\"dateModified\":\"2025-10-08T17:50:16+00:00\",\"breadcrumb\":{\"@id\":\"https:\/\/vipets.com.co\/?product=chaqueta#breadcrumb\"},\"inLanguage\":\"es-CO\",\"potentialAction\":[{\"@type\":\"ReadAction\",\"target\":[\"https:\/\/vipets.com.co\/?product=chaqueta\"]}]},{\"@type\":\"BreadcrumbList\",\"@id\":\"https:\/\/vipets.com.co\/?product=chaqueta#breadcrumb\",\"itemListElement\":[{\"@type\":\"ListItem\",\"position\":1,\"name\":\"Home\",\"item\":\"https:\/\/vipets.com.co\/\"},{\"@type\":\"ListItem\",\"position\":2,\"name\":\"Shop\",\"item\":\"https:\/\/vipets.com.co\/?page_id=6\"},{\"@type\":\"ListItem\",\"position\":3,\"name\":\"Chaqueta\"}]},{\"@type\":\"WebSite\",\"@id\":\"https:\/\/vipets.com.co\/#website\",\"url\":\"https:\/\/vipets.com.co\/\",\"name\":\"VIPETS\",\"description\":\"Mascotas\",\"potentialAction\":[{\"@type\":\"SearchAction\",\"target\":{\"@type\":\"EntryPoint\",\"urlTemplate\":\"https:\/\/vipets.com.co\/?s={search_term_string}\"},\"query-input\":\"required name=search_term_string\"}],\"inLanguage\":\"es-CO\"}]}<\/script>\n<!-- \/ Yoast SEO plugin. -->","yoast_head_json":{"title":"Chaqueta - VIPETS","robots":{"index":"index","follow":"follow","max-snippet":"max-snippet:-1","max-image-preview":"max-image-preview:large","max-video-preview":"max-video-preview:-1"},"canonical":"https:\/\/vipets.com.co\/?product=chaqueta","og_locale":"es_ES","og_type":"article","og_title":"Chaqueta - VIPETS","og_description":"Tu pet estar\u00e1 c\u00f3modo, abrigado y a la moda con esta chaqueta deportiva que podr\u00e1 lucir en cualquier momento de un d\u00eda fr\u00edo. Elige el color que m\u00e1s se ajuste a su personalidad y hazlo brillar.","og_url":"https:\/\/vipets.com.co\/?product=chaqueta","og_site_name":"VIPETS","article_modified_time":"2025-10-08T17:50:16+00:00","og_image":[{"width":1024,"height":1024,"url":"https:\/\/vipets.com.co\/wp-content\/uploads\/2024\/08\/Chaqueta.jpg","type":"image\/jpeg"}],"twitter_card":"summary_large_image","schema":{"@context":"https:\/\/schema.org","@graph":[{"@type":"WebPage","@id":"https:\/\/vipets.com.co\/?product=chaqueta","url":"https:\/\/vipets.com.co\/?product=chaqueta","name":"Chaqueta - VIPETS","isPartOf":{"@id":"https:\/\/vipets.com.co\/#website"},"datePublished":"2024-08-05T19:18:30+00:00","dateModified":"2025-10-08T17:50:16+00:00","breadcrumb":{"@id":"https:\/\/vipets.com.co\/?product=chaqueta#breadcrumb"},"inLanguage":"es-CO","potentialAction":[{"@type":"ReadAction","target":["https:\/\/vipets.com.co\/?product=chaqueta"]}]},{"@type":"BreadcrumbList","@id":"https:\/\/vipets.com.co\/?product=chaqueta#breadcrumb","itemListElement":[{"@type":"ListItem","position":1,"name":"Home","item":"https:\/\/vipets.com.co\/"},{"@type":"ListItem","position":2,"name":"Shop","item":"https:\/\/vipets.com.co\/?page_id=6"},{"@type":"ListItem","position":3,"name":"Chaqueta"}]},{"@type":"WebSite","@id":"https:\/\/vipets.com.co\/#website","url":"https:\/\/vipets.com.co\/","name":"VIPETS","description":"Mascotas","potentialAction":[{"@type":"SearchAction","target":{"@type":"EntryPoint","urlTemplate":"https:\/\/vipets.com.co\/?s={search_term_string}"},"query-input":"required name=search_term_string"}],"inLanguage":"es-CO"}]}},"_links":{"self":[{"href":"https:\/\/vipets.com.co\/index.php?rest_route=\/wp\/v2\/product\/5726","targetHints":{"allow":["GET"]}}],"collection":[{"href":"https:\/\/vipets.com.co\/index.php?rest_route=\/wp\/v2\/product"}],"about":[{"href":"https:\/\/vipets.com.co\/index.php?rest_route=\/wp\/v2\/types\/product"}],"replies":[{"embeddable":true,"href":"https:\/\/vipets.com.co\/index.php?rest_route=%2Fwp%2Fv2%2Fcomments&post=5726"}],"wp:featuredmedia":[{"embeddable":true,"href":"https:\/\/vipets.com.co\/index.php?rest_route=\/wp\/v2\/media\/8077"}],"wp:attachment":[{"href":"https:\/\/vipets.com.co\/index.php?rest_route=%2Fwp%2Fv2%2Fmedia&parent=5726"}],"wp:term":[{"taxonomy":"product_cat","embeddable":true,"href":"https:\/\/vipets.com.co\/index.php?rest_route=%2Fwp%2Fv2%2Fproduct_cat&post=5726"},{"taxonomy":"product_tag","embeddable":true,"href":"https:\/\/vipets.com.co\/index.php?rest_route=%2Fwp%2Fv2%2Fproduct_tag&post=5726"}],"curies":[{"name":"wp","href":"https:\/\/api.w.org\/{rel}","templated":true}]}}